{"id":46,"date":"2014-02-03T15:47:45","date_gmt":"2014-02-03T14:47:45","guid":{"rendered":"http:\/\/lespilles.fr\/lespillesautrefois\/?page_id=46"},"modified":"2024-11-29T14:38:04","modified_gmt":"2024-11-29T13:38:04","slug":"poste","status":"publish","type":"page","link":"https:\/\/lespilles.fr\/lespillesautrefois\/?page_id=46","title":{"rendered":"Poste"},"content":{"rendered":"\n<p class=\"has-medium-font-size\">Cr\u00e9ation du Bureau de Poste des Pilles le 9 f\u00e9vrier 1874 \u00e0 l&rsquo;Emplacement 114 sur la carte Archives communales 1 O4 Enqu\u00eate 1978 &nbsp;<\/p>\n\n\n\n<p><\/p>\n\n\n\n<p><\/p>\n\n\n\n<p class=\"has-medium-font-size\">Nouveau BUREAU des POSTES et T\u00c9L\u00c9COMMUNICATIONS<\/p>\n\n\n\n<p class=\"has-medium-font-size\">des Pilles en 1961\u00a0\u00e0 Emplacement 11 sur la carte des Archives communales 1 O4 Enqu\u00eate 1978, salle polyvalente actuelle<\/p>\n\n\n\n<figure class=\"wp-block-gallery has-nested-images columns-2 is-cropped wp-block-gallery-1 is-layout-flex wp-block-gallery-is-layout-flex\">\n<figure class=\"wp-block-image size-medium\"><a href=\"https:\/\/lespilles.fr\/lespillesautrefois\/wp-content\/uploads\/2024\/11\/03-Nouveau-bureau-de-poste-avec-ses-facteurs-et-receveuse-1968-rotated.jpg\" target=\"_blank\"><img loading=\"lazy\" decoding=\"async\" width=\"296\" height=\"300\" data-id=\"2282\" src=\"https:\/\/lespilles.fr\/lespillesautrefois\/wp-content\/uploads\/2024\/11\/03-Nouveau-bureau-de-poste-avec-ses-facteurs-et-receveuse-1968-296x300.jpg\" alt=\"\" class=\"wp-image-2282\" srcset=\"https:\/\/lespilles.fr\/lespillesautrefois\/wp-content\/uploads\/2024\/11\/03-Nouveau-bureau-de-poste-avec-ses-facteurs-et-receveuse-1968-296x300.jpg 296w, https:\/\/lespilles.fr\/lespillesautrefois\/wp-content\/uploads\/2024\/11\/03-Nouveau-bureau-de-poste-avec-ses-facteurs-et-receveuse-1968-1011x1024.jpg 1011w, https:\/\/lespilles.fr\/lespillesautrefois\/wp-content\/uploads\/2024\/11\/03-Nouveau-bureau-de-poste-avec-ses-facteurs-et-receveuse-1968-768x778.jpg 768w, https:\/\/lespilles.fr\/lespillesautrefois\/wp-content\/uploads\/2024\/11\/03-Nouveau-bureau-de-poste-avec-ses-facteurs-et-receveuse-1968-1517x1536.jpg 1517w, https:\/\/lespilles.fr\/lespillesautrefois\/wp-content\/uploads\/2024\/11\/03-Nouveau-bureau-de-poste-avec-ses-facteurs-et-receveuse-1968-rotated.jpg 1888w\" sizes=\"auto, (max-width: 296px) 100vw, 296px\" \/><\/a><\/figure>\n\n\n\n<figure class=\"wp-block-image size-medium\"><a href=\"https:\/\/lespilles.fr\/lespillesautrefois\/wp-content\/uploads\/2024\/11\/03-Mme-Miaille-receveuse-et-les-facteurs-1968-3-rotated.jpg\" target=\"_blank\"><img loading=\"lazy\" decoding=\"async\" width=\"283\" height=\"300\" data-id=\"2281\" src=\"https:\/\/lespilles.fr\/lespillesautrefois\/wp-content\/uploads\/2024\/11\/03-Mme-Miaille-receveuse-et-les-facteurs-1968-3-283x300.jpg\" alt=\"\" class=\"wp-image-2281\" srcset=\"https:\/\/lespilles.fr\/lespillesautrefois\/wp-content\/uploads\/2024\/11\/03-Mme-Miaille-receveuse-et-les-facteurs-1968-3-283x300.jpg 283w, https:\/\/lespilles.fr\/lespillesautrefois\/wp-content\/uploads\/2024\/11\/03-Mme-Miaille-receveuse-et-les-facteurs-1968-3-967x1024.jpg 967w, https:\/\/lespilles.fr\/lespillesautrefois\/wp-content\/uploads\/2024\/11\/03-Mme-Miaille-receveuse-et-les-facteurs-1968-3-768x813.jpg 768w, https:\/\/lespilles.fr\/lespillesautrefois\/wp-content\/uploads\/2024\/11\/03-Mme-Miaille-receveuse-et-les-facteurs-1968-3-1451x1536.jpg 1451w, https:\/\/lespilles.fr\/lespillesautrefois\/wp-content\/uploads\/2024\/11\/03-Mme-Miaille-receveuse-et-les-facteurs-1968-3-rotated.jpg 1888w\" sizes=\"auto, (max-width: 283px) 100vw, 283px\" \/><\/a><\/figure>\n\n\n\n<figure class=\"wp-block-image size-medium\"><a href=\"https:\/\/lespilles.fr\/lespillesautrefois\/wp-content\/uploads\/2024\/11\/03-Mme-Miaille-receveuse-et-les-facteurs-1968-1.jpg\" target=\"_blank\"><img loading=\"lazy\" decoding=\"async\" width=\"300\" height=\"291\" data-id=\"2279\" src=\"https:\/\/lespilles.fr\/lespillesautrefois\/wp-content\/uploads\/2024\/11\/03-Mme-Miaille-receveuse-et-les-facteurs-1968-1-300x291.jpg\" alt=\"\" class=\"wp-image-2279\" srcset=\"https:\/\/lespilles.fr\/lespillesautrefois\/wp-content\/uploads\/2024\/11\/03-Mme-Miaille-receveuse-et-les-facteurs-1968-1-300x291.jpg 300w, https:\/\/lespilles.fr\/lespillesautrefois\/wp-content\/uploads\/2024\/11\/03-Mme-Miaille-receveuse-et-les-facteurs-1968-1-1024x995.jpg 1024w, https:\/\/lespilles.fr\/lespillesautrefois\/wp-content\/uploads\/2024\/11\/03-Mme-Miaille-receveuse-et-les-facteurs-1968-1-768x746.jpg 768w, https:\/\/lespilles.fr\/lespillesautrefois\/wp-content\/uploads\/2024\/11\/03-Mme-Miaille-receveuse-et-les-facteurs-1968-1-1536x1492.jpg 1536w, https:\/\/lespilles.fr\/lespillesautrefois\/wp-content\/uploads\/2024\/11\/03-Mme-Miaille-receveuse-et-les-facteurs-1968-1-2048x1989.jpg 2048w\" sizes=\"auto, (max-width: 300px) 100vw, 300px\" \/><\/a><\/figure>\n\n\n\n<figure class=\"wp-block-image size-medium\"><a href=\"https:\/\/lespilles.fr\/lespillesautrefois\/wp-content\/uploads\/2024\/11\/03-Mme-Miaille-receveuse-et-les-facteurs-1968-2.jpg\" target=\"_blank\"><img loading=\"lazy\" decoding=\"async\" width=\"300\" height=\"291\" data-id=\"2280\" src=\"https:\/\/lespilles.fr\/lespillesautrefois\/wp-content\/uploads\/2024\/11\/03-Mme-Miaille-receveuse-et-les-facteurs-1968-2-300x291.jpg\" alt=\"\" class=\"wp-image-2280\" srcset=\"https:\/\/lespilles.fr\/lespillesautrefois\/wp-content\/uploads\/2024\/11\/03-Mme-Miaille-receveuse-et-les-facteurs-1968-2-300x291.jpg 300w, https:\/\/lespilles.fr\/lespillesautrefois\/wp-content\/uploads\/2024\/11\/03-Mme-Miaille-receveuse-et-les-facteurs-1968-2-1024x993.jpg 1024w, https:\/\/lespilles.fr\/lespillesautrefois\/wp-content\/uploads\/2024\/11\/03-Mme-Miaille-receveuse-et-les-facteurs-1968-2-768x745.jpg 768w, https:\/\/lespilles.fr\/lespillesautrefois\/wp-content\/uploads\/2024\/11\/03-Mme-Miaille-receveuse-et-les-facteurs-1968-2-1536x1490.jpg 1536w, https:\/\/lespilles.fr\/lespillesautrefois\/wp-content\/uploads\/2024\/11\/03-Mme-Miaille-receveuse-et-les-facteurs-1968-2.jpg 1992w\" sizes=\"auto, (max-width: 300px) 100vw, 300px\" \/><\/a><\/figure>\n\n\n\n<figure class=\"wp-block-image size-medium\"><a href=\"https:\/\/lespilles.fr\/lespillesautrefois\/wp-content\/uploads\/2024\/11\/03-article-postebis-1961.jpg\" target=\"_blank\"><img loading=\"lazy\" decoding=\"async\" width=\"300\" height=\"266\" data-id=\"2278\" src=\"https:\/\/lespilles.fr\/lespillesautrefois\/wp-content\/uploads\/2024\/11\/03-article-postebis-1961-300x266.jpg\" alt=\"\" class=\"wp-image-2278\" srcset=\"https:\/\/lespilles.fr\/lespillesautrefois\/wp-content\/uploads\/2024\/11\/03-article-postebis-1961-300x266.jpg 300w, https:\/\/lespilles.fr\/lespillesautrefois\/wp-content\/uploads\/2024\/11\/03-article-postebis-1961-768x681.jpg 768w, https:\/\/lespilles.fr\/lespillesautrefois\/wp-content\/uploads\/2024\/11\/03-article-postebis-1961.jpg 993w\" sizes=\"auto, (max-width: 300px) 100vw, 300px\" \/><\/a><\/figure>\n<\/figure>\n","protected":false},"excerpt":{"rendered":"<p>Cr\u00e9ation du Bureau de Poste des Pilles le 9 f\u00e9vrier 1874 \u00e0 l&rsquo;Emplacement 114 sur la carte Archives communales 1 O4 Enqu\u00eate 1978 &nbsp; Nouveau BUREAU des POSTES et T\u00c9L\u00c9COMMUNICATIONS des Pilles en 1961\u00a0\u00e0 Emplacement 11 sur la carte des Archives communales 1 O4 Enqu\u00eate 1978, salle polyvalente actuelle<\/p>\n","protected":false},"author":1,"featured_media":0,"parent":0,"menu_order":0,"comment_status":"closed","ping_status":"open","template":"","meta":{"footnotes":""},"class_list":["post-46","page","type-page","status-publish","hentry"],"_links":{"self":[{"href":"https:\/\/lespilles.fr\/lespillesautrefois\/index.php?rest_route=\/wp\/v2\/pages\/46","targetHints":{"allow":["GET"]}}],"collection":[{"href":"https:\/\/lespilles.fr\/lespillesautrefois\/index.php?rest_route=\/wp\/v2\/pages"}],"about":[{"href":"https:\/\/lespilles.fr\/lespillesautrefois\/index.php?rest_route=\/wp\/v2\/types\/page"}],"author":[{"embeddable":true,"href":"https:\/\/lespilles.fr\/lespillesautrefois\/index.php?rest_route=\/wp\/v2\/users\/1"}],"replies":[{"embeddable":true,"href":"https:\/\/lespilles.fr\/lespillesautrefois\/index.php?rest_route=%2Fwp%2Fv2%2Fcomments&post=46"}],"version-history":[{"count":6,"href":"https:\/\/lespilles.fr\/lespillesautrefois\/index.php?rest_route=\/wp\/v2\/pages\/46\/revisions"}],"predecessor-version":[{"id":2284,"href":"https:\/\/lespilles.fr\/lespillesautrefois\/index.php?rest_route=\/wp\/v2\/pages\/46\/revisions\/2284"}],"wp:attachment":[{"href":"https:\/\/lespilles.fr\/lespillesautrefois\/index.php?rest_route=%2Fwp%2Fv2%2Fmedia&parent=46"}],"curies":[{"name":"wp","href":"https:\/\/api.w.org\/{rel}","templated":true}]}}