{"id":40,"date":"2014-02-03T15:46:03","date_gmt":"2014-02-03T14:46:03","guid":{"rendered":"http:\/\/lespilles.fr\/lespillesautrefois\/?page_id=40"},"modified":"2024-11-29T21:14:43","modified_gmt":"2024-11-29T20:14:43","slug":"eglises","status":"publish","type":"page","link":"https:\/\/lespilles.fr\/lespillesautrefois\/?page_id=40","title":{"rendered":"\u00c9glises"},"content":{"rendered":"\n<p class=\"has-medium-font-size\">Vous trouverez la liste des cur\u00e9s des Pilles en cliquant sur ce lien<\/p>\n\n\n\n<p class=\"has-medium-font-size\"><a href=\"https:\/\/lespilles.fr\/lespillesautrefois\/wp-content\/uploads\/2014\/02\/Cur\u00e9s-des-Pilles1.pdf\" target=\"_blank\" rel=\"noreferrer noopener\">Cur\u00e9s des Pilles<\/a><\/p>\n\n\n\n<p class=\"has-medium-font-size\">L\u2019\u00e9glise des Pilles reconstruite en 1859 co\u00fbta 1626 napol\u00e9ons. \u00a0\u00a0\u00a0\u00a0\u00a0\u00a0\u00a0\u00a0\u00a0\u00a0\u00a0\u00a0\u00a0\u00a0 <\/p>\n\n\n\n<p class=\"has-medium-font-size\">Parmi les personnes qui travaill\u00e8rent sur ce chantier on trouve des noms bien familiers tels\u00a0: Jean et Victor BRUN, Fr\u00e9d\u00e9ric VERNET, R\u00e9gis BRES, Pierre FERRAND, Xavier BONNEFOI, Quenin DEYDIER, RAMUS, GLEYSE, JAVELAS, LONG, FAURE, BONTOUX, GRAS, \u2026<\/p>\n\n\n\n<p class=\"has-medium-font-size\">Les vitraux de l&rsquo;\u00e9glise sont les dons des habitants de Les Pilles, Aubres et Ch\u00e2teauneuf-de-Bordette. Ils ont \u00e9t\u00e9 pos\u00e9s en 1879 par le vitrailliste Louis PAGES de Montpellier.<\/p>\n\n\n\n<figure class=\"wp-block-gallery has-nested-images columns-default is-cropped wp-block-gallery-1 is-layout-flex wp-block-gallery-is-layout-flex\">\n<figure class=\"wp-block-image size-medium\"><a href=\"https:\/\/lespilles.fr\/lespillesautrefois\/wp-content\/uploads\/2024\/11\/P1090311.jpg\" target=\"_blank\"><img loading=\"lazy\" decoding=\"async\" width=\"300\" height=\"225\" data-id=\"2301\" src=\"https:\/\/lespilles.fr\/lespillesautrefois\/wp-content\/uploads\/2024\/11\/P1090311-300x225.jpg\" alt=\"\" class=\"wp-image-2301\" srcset=\"https:\/\/lespilles.fr\/lespillesautrefois\/wp-content\/uploads\/2024\/11\/P1090311-300x225.jpg 300w, https:\/\/lespilles.fr\/lespillesautrefois\/wp-content\/uploads\/2024\/11\/P1090311-1024x768.jpg 1024w, https:\/\/lespilles.fr\/lespillesautrefois\/wp-content\/uploads\/2024\/11\/P1090311-768x576.jpg 768w, https:\/\/lespilles.fr\/lespillesautrefois\/wp-content\/uploads\/2024\/11\/P1090311-1536x1152.jpg 1536w, https:\/\/lespilles.fr\/lespillesautrefois\/wp-content\/uploads\/2024\/11\/P1090311-2048x1536.jpg 2048w\" sizes=\"auto, (max-width: 300px) 100vw, 300px\" \/><\/a><\/figure>\n\n\n\n<figure class=\"wp-block-image size-medium\"><a href=\"https:\/\/lespilles.fr\/lespillesautrefois\/wp-content\/uploads\/2024\/11\/IMG_0058-scaled.jpg\" target=\"_blank\"><img loading=\"lazy\" decoding=\"async\" width=\"300\" height=\"200\" data-id=\"2300\" src=\"https:\/\/lespilles.fr\/lespillesautrefois\/wp-content\/uploads\/2024\/11\/IMG_0058-300x200.jpg\" alt=\"\" class=\"wp-image-2300\" srcset=\"https:\/\/lespilles.fr\/lespillesautrefois\/wp-content\/uploads\/2024\/11\/IMG_0058-300x200.jpg 300w, https:\/\/lespilles.fr\/lespillesautrefois\/wp-content\/uploads\/2024\/11\/IMG_0058-1024x683.jpg 1024w, https:\/\/lespilles.fr\/lespillesautrefois\/wp-content\/uploads\/2024\/11\/IMG_0058-768x512.jpg 768w, https:\/\/lespilles.fr\/lespillesautrefois\/wp-content\/uploads\/2024\/11\/IMG_0058-1536x1024.jpg 1536w, https:\/\/lespilles.fr\/lespillesautrefois\/wp-content\/uploads\/2024\/11\/IMG_0058-2048x1365.jpg 2048w\" sizes=\"auto, (max-width: 300px) 100vw, 300px\" \/><\/a><\/figure>\n\n\n\n<figure class=\"wp-block-image size-medium\"><a href=\"https:\/\/lespilles.fr\/lespillesautrefois\/wp-content\/uploads\/2024\/11\/Vitraux-Ouest-2.jpg\" target=\"_blank\"><img loading=\"lazy\" decoding=\"async\" width=\"225\" height=\"300\" data-id=\"2305\" src=\"https:\/\/lespilles.fr\/lespillesautrefois\/wp-content\/uploads\/2024\/11\/Vitraux-Ouest-2-225x300.jpg\" alt=\"\" class=\"wp-image-2305\" srcset=\"https:\/\/lespilles.fr\/lespillesautrefois\/wp-content\/uploads\/2024\/11\/Vitraux-Ouest-2-225x300.jpg 225w, https:\/\/lespilles.fr\/lespillesautrefois\/wp-content\/uploads\/2024\/11\/Vitraux-Ouest-2.jpg 306w\" sizes=\"auto, (max-width: 225px) 100vw, 225px\" \/><\/a><\/figure>\n\n\n\n<figure class=\"wp-block-image size-medium\"><a href=\"https:\/\/lespilles.fr\/lespillesautrefois\/wp-content\/uploads\/2024\/11\/Vitraux-1.jpg\" target=\"_blank\"><img loading=\"lazy\" decoding=\"async\" width=\"199\" height=\"300\" data-id=\"2303\" src=\"https:\/\/lespilles.fr\/lespillesautrefois\/wp-content\/uploads\/2024\/11\/Vitraux-1-199x300.jpg\" alt=\"\" class=\"wp-image-2303\" srcset=\"https:\/\/lespilles.fr\/lespillesautrefois\/wp-content\/uploads\/2024\/11\/Vitraux-1-199x300.jpg 199w, https:\/\/lespilles.fr\/lespillesautrefois\/wp-content\/uploads\/2024\/11\/Vitraux-1.jpg 678w\" sizes=\"auto, (max-width: 199px) 100vw, 199px\" \/><\/a><\/figure>\n\n\n\n<figure class=\"wp-block-image size-medium\"><a href=\"https:\/\/lespilles.fr\/lespillesautrefois\/wp-content\/uploads\/2024\/11\/DSC_0322.jpg\" target=\"_blank\"><img loading=\"lazy\" decoding=\"async\" width=\"199\" height=\"300\" data-id=\"2299\" src=\"https:\/\/lespilles.fr\/lespillesautrefois\/wp-content\/uploads\/2024\/11\/DSC_0322-199x300.jpg\" alt=\"\" class=\"wp-image-2299\" srcset=\"https:\/\/lespilles.fr\/lespillesautrefois\/wp-content\/uploads\/2024\/11\/DSC_0322-199x300.jpg 199w, https:\/\/lespilles.fr\/lespillesautrefois\/wp-content\/uploads\/2024\/11\/DSC_0322.jpg 678w\" sizes=\"auto, (max-width: 199px) 100vw, 199px\" \/><\/a><\/figure>\n\n\n\n<figure class=\"wp-block-image size-medium\"><a href=\"https:\/\/lespilles.fr\/lespillesautrefois\/wp-content\/uploads\/2024\/11\/DSC_0321.jpg\" target=\"_blank\"><img loading=\"lazy\" decoding=\"async\" width=\"199\" height=\"300\" data-id=\"2298\" src=\"https:\/\/lespilles.fr\/lespillesautrefois\/wp-content\/uploads\/2024\/11\/DSC_0321-199x300.jpg\" alt=\"\" class=\"wp-image-2298\" srcset=\"https:\/\/lespilles.fr\/lespillesautrefois\/wp-content\/uploads\/2024\/11\/DSC_0321-199x300.jpg 199w, https:\/\/lespilles.fr\/lespillesautrefois\/wp-content\/uploads\/2024\/11\/DSC_0321.jpg 678w\" sizes=\"auto, (max-width: 199px) 100vw, 199px\" \/><\/a><\/figure>\n\n\n\n<figure class=\"wp-block-image size-medium\"><a href=\"https:\/\/lespilles.fr\/lespillesautrefois\/wp-content\/uploads\/2024\/11\/DSC_0320.jpg\" target=\"_blank\"><img loading=\"lazy\" decoding=\"async\" width=\"199\" height=\"300\" data-id=\"2297\" src=\"https:\/\/lespilles.fr\/lespillesautrefois\/wp-content\/uploads\/2024\/11\/DSC_0320-199x300.jpg\" alt=\"\" class=\"wp-image-2297\" srcset=\"https:\/\/lespilles.fr\/lespillesautrefois\/wp-content\/uploads\/2024\/11\/DSC_0320-199x300.jpg 199w, https:\/\/lespilles.fr\/lespillesautrefois\/wp-content\/uploads\/2024\/11\/DSC_0320.jpg 678w\" sizes=\"auto, (max-width: 199px) 100vw, 199px\" \/><\/a><\/figure>\n\n\n\n<figure class=\"wp-block-image size-medium\"><a href=\"https:\/\/lespilles.fr\/lespillesautrefois\/wp-content\/uploads\/2024\/11\/Vitraux-9b.jpg\" target=\"_blank\"><img loading=\"lazy\" decoding=\"async\" width=\"300\" height=\"203\" data-id=\"2304\" src=\"https:\/\/lespilles.fr\/lespillesautrefois\/wp-content\/uploads\/2024\/11\/Vitraux-9b-300x203.jpg\" alt=\"\" class=\"wp-image-2304\" srcset=\"https:\/\/lespilles.fr\/lespillesautrefois\/wp-content\/uploads\/2024\/11\/Vitraux-9b-300x203.jpg 300w, https:\/\/lespilles.fr\/lespillesautrefois\/wp-content\/uploads\/2024\/11\/Vitraux-9b-768x521.jpg 768w, https:\/\/lespilles.fr\/lespillesautrefois\/wp-content\/uploads\/2024\/11\/Vitraux-9b.jpg 1024w\" sizes=\"auto, (max-width: 300px) 100vw, 300px\" \/><\/a><\/figure>\n\n\n\n<figure class=\"wp-block-image size-medium\"><a href=\"https:\/\/lespilles.fr\/lespillesautrefois\/wp-content\/uploads\/2024\/11\/Vitrail-ouest-chapelle-scaled.jpg\" target=\"_blank\"><img loading=\"lazy\" decoding=\"async\" width=\"300\" height=\"181\" data-id=\"2302\" src=\"https:\/\/lespilles.fr\/lespillesautrefois\/wp-content\/uploads\/2024\/11\/Vitrail-ouest-chapelle-300x181.jpg\" alt=\"\" class=\"wp-image-2302\" srcset=\"https:\/\/lespilles.fr\/lespillesautrefois\/wp-content\/uploads\/2024\/11\/Vitrail-ouest-chapelle-300x181.jpg 300w, https:\/\/lespilles.fr\/lespillesautrefois\/wp-content\/uploads\/2024\/11\/Vitrail-ouest-chapelle-1024x616.jpg 1024w, https:\/\/lespilles.fr\/lespillesautrefois\/wp-content\/uploads\/2024\/11\/Vitrail-ouest-chapelle-768x462.jpg 768w, https:\/\/lespilles.fr\/lespillesautrefois\/wp-content\/uploads\/2024\/11\/Vitrail-ouest-chapelle-1536x925.jpg 1536w, https:\/\/lespilles.fr\/lespillesautrefois\/wp-content\/uploads\/2024\/11\/Vitrail-ouest-chapelle-2048x1233.jpg 2048w\" sizes=\"auto, (max-width: 300px) 100vw, 300px\" \/><\/a><\/figure>\n<\/figure>\n","protected":false},"excerpt":{"rendered":"<p>Vous trouverez la liste des cur\u00e9s des Pilles en cliquant sur ce lien Cur\u00e9s des Pilles L\u2019\u00e9glise des Pilles reconstruite en 1859 co\u00fbta 1626 napol\u00e9ons. \u00a0\u00a0\u00a0\u00a0\u00a0\u00a0\u00a0\u00a0\u00a0\u00a0\u00a0\u00a0\u00a0\u00a0 Parmi les personnes qui travaill\u00e8rent sur ce chantier on trouve des noms bien familiers tels\u00a0: Jean et Victor BRUN, Fr\u00e9d\u00e9ric VERNET, R\u00e9gis BRES, Pierre FERRAND, Xavier BONNEFOI, Quenin DEYDIER, &hellip; <a href=\"https:\/\/lespilles.fr\/lespillesautrefois\/?page_id=40\" class=\"more-link\">Continuer la lecture de <span class=\"screen-reader-text\">\u00c9glises<\/span> <span class=\"meta-nav\">&rarr;<\/span><\/a><\/p>\n","protected":false},"author":1,"featured_media":0,"parent":0,"menu_order":0,"comment_status":"closed","ping_status":"open","template":"","meta":{"footnotes":""},"class_list":["post-40","page","type-page","status-publish","hentry"],"_links":{"self":[{"href":"https:\/\/lespilles.fr\/lespillesautrefois\/index.php?rest_route=\/wp\/v2\/pages\/40","targetHints":{"allow":["GET"]}}],"collection":[{"href":"https:\/\/lespilles.fr\/lespillesautrefois\/index.php?rest_route=\/wp\/v2\/pages"}],"about":[{"href":"https:\/\/lespilles.fr\/lespillesautrefois\/index.php?rest_route=\/wp\/v2\/types\/page"}],"author":[{"embeddable":true,"href":"https:\/\/lespilles.fr\/lespillesautrefois\/index.php?rest_route=\/wp\/v2\/users\/1"}],"replies":[{"embeddable":true,"href":"https:\/\/lespilles.fr\/lespillesautrefois\/index.php?rest_route=%2Fwp%2Fv2%2Fcomments&post=40"}],"version-history":[{"count":20,"href":"https:\/\/lespilles.fr\/lespillesautrefois\/index.php?rest_route=\/wp\/v2\/pages\/40\/revisions"}],"predecessor-version":[{"id":2309,"href":"https:\/\/lespilles.fr\/lespillesautrefois\/index.php?rest_route=\/wp\/v2\/pages\/40\/revisions\/2309"}],"wp:attachment":[{"href":"https:\/\/lespilles.fr\/lespillesautrefois\/index.php?rest_route=%2Fwp%2Fv2%2Fmedia&parent=40"}],"curies":[{"name":"wp","href":"https:\/\/api.w.org\/{rel}","templated":true}]}}