{"id":32,"date":"2014-02-03T15:42:12","date_gmt":"2014-02-03T14:42:12","guid":{"rendered":"http:\/\/lespilles.fr\/lespillesautrefois\/?page_id=32"},"modified":"2024-11-28T17:15:09","modified_gmt":"2024-11-28T16:15:09","slug":"les-crues-de-leygues","status":"publish","type":"page","link":"http:\/\/lespilles.fr\/lespillesautrefois\/?page_id=32","title":{"rendered":"Les crues de l&rsquo;Eygues"},"content":{"rendered":"\n<figure class=\"wp-block-image size-large\"><a href=\"https:\/\/lespilles.fr\/lespillesautrefois\/wp-content\/uploads\/2024\/11\/02-Eygues-ou-Aygues-1-scaled.jpg\"><img loading=\"lazy\" decoding=\"async\" width=\"1024\" height=\"683\" src=\"https:\/\/lespilles.fr\/lespillesautrefois\/wp-content\/uploads\/2024\/11\/02-Eygues-ou-Aygues-1-1024x683.jpg\" alt=\"\" class=\"wp-image-2196\" srcset=\"https:\/\/lespilles.fr\/lespillesautrefois\/wp-content\/uploads\/2024\/11\/02-Eygues-ou-Aygues-1-1024x683.jpg 1024w, https:\/\/lespilles.fr\/lespillesautrefois\/wp-content\/uploads\/2024\/11\/02-Eygues-ou-Aygues-1-300x200.jpg 300w, https:\/\/lespilles.fr\/lespillesautrefois\/wp-content\/uploads\/2024\/11\/02-Eygues-ou-Aygues-1-768x512.jpg 768w, https:\/\/lespilles.fr\/lespillesautrefois\/wp-content\/uploads\/2024\/11\/02-Eygues-ou-Aygues-1-1536x1024.jpg 1536w, https:\/\/lespilles.fr\/lespillesautrefois\/wp-content\/uploads\/2024\/11\/02-Eygues-ou-Aygues-1-2048x1365.jpg 2048w\" sizes=\"auto, (max-width: 1024px) 100vw, 1024px\" \/><\/a><\/figure>\n\n\n\n<h2 class=\"wp-block-heading\">La rivi\u00e8re Eygues et son orthographe<\/h2>\n\n\n\n<p>&nbsp;&nbsp;&nbsp;&nbsp;&nbsp;&nbsp;&nbsp;&nbsp;&nbsp;&nbsp;&nbsp;&nbsp;&nbsp;&nbsp;&nbsp;&nbsp;&nbsp;&nbsp;&nbsp;&nbsp;&nbsp; Nous avons tous remarqu\u00e9 la diff\u00e9rence d&rsquo;orthographe sur le mot \u00abEygues\u00bb, nom de notre rivi\u00e8re. \u00ab&nbsp;Effectivement, le nom de cette rivi\u00e8re vient du gaulois et non du proven\u00e7al. Vous n\u2019ignorez pas que les Gaulois et leur culture sont ant\u00e9rieurs aux Proven\u00e7aux, et donc bon nombre de noms de lieux leur sont dus. (Le Mont-Ventoux, Venterol, viennent du gaulois \u00abvent\u00bb qui veut dire \u00abmontagne\u00bb, \u00abcolline\u00bb, \u00abhauteur\u00bb, et l&rsquo;on croit souvent au rapport avec le vent&#8230;).<\/p>\n\n\n\n<p>Pour le cas de \u00abEygues\u00bb, ou \u00abEigues\u00bb, cela vient du gaulois \u00abEygar\u00bb qui signifie \u00abmontagne du tonnerre\u00bb : on retrouve \u00abEyger\u00bb en Suisse, \u00abTanagra\u00bb en Ard\u00e8che, or, la source de la rivi\u00e8re en question se trouve sur une montagne o\u00f9 tombait tr\u00e8s souvent la foudre, caract\u00e9ristique observ\u00e9e par nos anc\u00eatres. D&rsquo;ailleurs, sur les cartes anciennes, ou m\u00eame celles de l&rsquo;I.G.N. on trouve l&rsquo;orthographe \u00abEygues\u00bb.<\/p>\n\n\n\n<p>Seulement, apr\u00e8s le Moyen-\u00e2ge, la transmission orale du mot donna lieu, par son assonance proche du mot \u00abAygues\u00bb (\u00abeau\u00bb en proven\u00e7al), \u00e0 l&rsquo;orthographe latine \u00abAygues\u00bb. C&rsquo;est ainsi que l&rsquo;erreur se fit. Mais, certains villages respectent la v\u00e9ritable orthographe gauloise, par exemple \u00abSt-Maurice-sur-Eygues. <em>(La Tribune de novembre 1978)<\/em><\/p>\n\n\n\n<p>&nbsp;On trouve au Moyen \u00c2ge ce cours d&rsquo;eau transcrit Equeris (1278), Icaris (1321), Yquarum (1393), Yguaris (1414)&#8230; Le nom vient de l&rsquo;occitan aiga (<a href=\"http:\/\/fr.wikipedia.org\/wiki\/Norme_classique_de_l%27occitan\">norme classique<\/a>) ou du proven\u00e7al a\u00efgo (<a href=\"http:\/\/fr.wikipedia.org\/wiki\/Norme_mistralienne\">norme mistralienne<\/a>) qui signifie eau &#8211; prononcer eigo, du latin aqua (eau).<\/p>\n\n\n\n<h2 class=\"wp-block-heading\">Le cours de l&rsquo;Eygues<\/h2>\n\n\n\n<p>&nbsp;&nbsp;&nbsp;&nbsp;&nbsp;&nbsp;&nbsp;&nbsp;&nbsp;&nbsp;&nbsp;&nbsp;&nbsp;&nbsp;&nbsp; Rivi\u00e8re des Pr\u00e9alpes dr\u00f4moises, longue de 114&nbsp;km. Elle a sa source \u00e0 Chauvac-Laux-Montaux dans le d\u00e9partement de la Dr\u00f4me mais entre aussit\u00f4t dans celui des Hautes-Alpes par Sorbiers. Elle revient dans la Dr\u00f4me \u00e0 Montferrand-la-Fare et coule vers le nord-ouest par Verclause. Elle re\u00e7oit l&rsquo;Oule \u00e0 droite \u00e0 R\u00e9muzat, passe \u00e0 Saint-May, se tourne vers le sud-ouest un peu avant Sahune. Elle accueille \u00e0 gauche l&rsquo;Ennuye \u00e0 Curnier, puis \u00e0 droite le Bentrix qui vient de Condorcet. Apr\u00e8s avoir franchi deux cluses dont celle de Les Pilles, elle atteint Nyons, passe sous Mirabel-aux-Baronnies, \u00e0 partir de quoi elle fixe sur 12&nbsp;km la limite d\u00e9partementale, puis quitte le d\u00e9partement de la Dr\u00f4me et donc la r\u00e9gion Rh\u00f4ne-Alpes \u00e0 la hauteur de Tulette. Elle fr\u00f4le Orange par le nord et rejoint le Rh\u00f4ne \u00e0 Caderousse. Son nom s&rsquo;\u00e9crit \u00e9galement l&rsquo;Aigues, surtout en Vaucluse; et parfois Aygues. De toutes mani\u00e8res, il se prononce comme eille-gue, et non pas egg\u2026<\/p>\n\n\n\n<p>Les crues de l\u2019Eygues, si elles sont tr\u00e8s violentes, ont de lourds impacts sur la faune et la flore du cours d\u2019eau. Toutefois, par des effets de chasse, elles permettent aussi de r\u00e9g\u00e9n\u00e9rer les milieux et par cons\u00e9quent, d\u2019en am\u00e9liorer, \u00e9ventuellement, la qualit\u00e9.<\/p>\n\n\n\n<p>La crue de r\u00e9f\u00e9rence est celle de 1868.<\/p>\n\n\n\n<figure class=\"wp-block-gallery has-nested-images columns-4 is-cropped wp-block-gallery-1 is-layout-flex wp-block-gallery-is-layout-flex\">\n<figure class=\"wp-block-image size-medium\"><a href=\"https:\/\/lespilles.fr\/lespillesautrefois\/wp-content\/uploads\/2024\/11\/08-Leau-atteint-le-tablier-du-pont-scaled.jpg\" target=\"_blank\"><img loading=\"lazy\" decoding=\"async\" width=\"300\" height=\"204\" data-id=\"2176\" src=\"https:\/\/lespilles.fr\/lespillesautrefois\/wp-content\/uploads\/2024\/11\/08-Leau-atteint-le-tablier-du-pont-300x204.jpg\" alt=\"\" class=\"wp-image-2176\" srcset=\"https:\/\/lespilles.fr\/lespillesautrefois\/wp-content\/uploads\/2024\/11\/08-Leau-atteint-le-tablier-du-pont-300x204.jpg 300w, https:\/\/lespilles.fr\/lespillesautrefois\/wp-content\/uploads\/2024\/11\/08-Leau-atteint-le-tablier-du-pont-1024x697.jpg 1024w, https:\/\/lespilles.fr\/lespillesautrefois\/wp-content\/uploads\/2024\/11\/08-Leau-atteint-le-tablier-du-pont-768x523.jpg 768w, https:\/\/lespilles.fr\/lespillesautrefois\/wp-content\/uploads\/2024\/11\/08-Leau-atteint-le-tablier-du-pont-1536x1045.jpg 1536w, https:\/\/lespilles.fr\/lespillesautrefois\/wp-content\/uploads\/2024\/11\/08-Leau-atteint-le-tablier-du-pont-2048x1394.jpg 2048w\" sizes=\"auto, (max-width: 300px) 100vw, 300px\" \/><\/a><\/figure>\n\n\n\n<figure class=\"wp-block-image size-medium\"><a href=\"https:\/\/lespilles.fr\/lespillesautrefois\/wp-content\/uploads\/2024\/11\/06--scaled.jpg\" target=\"_blank\"><img loading=\"lazy\" decoding=\"async\" width=\"202\" height=\"300\" data-id=\"2174\" src=\"https:\/\/lespilles.fr\/lespillesautrefois\/wp-content\/uploads\/2024\/11\/06--202x300.jpg\" alt=\"\" class=\"wp-image-2174\" srcset=\"https:\/\/lespilles.fr\/lespillesautrefois\/wp-content\/uploads\/2024\/11\/06--202x300.jpg 202w, https:\/\/lespilles.fr\/lespillesautrefois\/wp-content\/uploads\/2024\/11\/06--690x1024.jpg 690w, https:\/\/lespilles.fr\/lespillesautrefois\/wp-content\/uploads\/2024\/11\/06--768x1140.jpg 768w, https:\/\/lespilles.fr\/lespillesautrefois\/wp-content\/uploads\/2024\/11\/06--1035x1536.jpg 1035w, https:\/\/lespilles.fr\/lespillesautrefois\/wp-content\/uploads\/2024\/11\/06--1380x2048.jpg 1380w, https:\/\/lespilles.fr\/lespillesautrefois\/wp-content\/uploads\/2024\/11\/06--scaled.jpg 1724w\" sizes=\"auto, (max-width: 202px) 100vw, 202px\" \/><\/a><\/figure>\n\n\n\n<figure class=\"wp-block-image size-medium\"><a href=\"https:\/\/lespilles.fr\/lespillesautrefois\/wp-content\/uploads\/2024\/11\/07--scaled.jpg\" target=\"_blank\"><img loading=\"lazy\" decoding=\"async\" width=\"300\" height=\"206\" data-id=\"2175\" src=\"https:\/\/lespilles.fr\/lespillesautrefois\/wp-content\/uploads\/2024\/11\/07--300x206.jpg\" alt=\"\" class=\"wp-image-2175\" srcset=\"https:\/\/lespilles.fr\/lespillesautrefois\/wp-content\/uploads\/2024\/11\/07--300x206.jpg 300w, https:\/\/lespilles.fr\/lespillesautrefois\/wp-content\/uploads\/2024\/11\/07--1024x702.jpg 1024w, https:\/\/lespilles.fr\/lespillesautrefois\/wp-content\/uploads\/2024\/11\/07--768x527.jpg 768w, https:\/\/lespilles.fr\/lespillesautrefois\/wp-content\/uploads\/2024\/11\/07--1536x1053.jpg 1536w, https:\/\/lespilles.fr\/lespillesautrefois\/wp-content\/uploads\/2024\/11\/07--2048x1404.jpg 2048w\" sizes=\"auto, (max-width: 300px) 100vw, 300px\" \/><\/a><\/figure>\n\n\n\n<figure class=\"wp-block-image size-medium\"><a href=\"https:\/\/lespilles.fr\/lespillesautrefois\/wp-content\/uploads\/2024\/11\/02-1-1-scaled.jpg\" target=\"_blank\"><img loading=\"lazy\" decoding=\"async\" width=\"300\" height=\"205\" data-id=\"2170\" src=\"https:\/\/lespilles.fr\/lespillesautrefois\/wp-content\/uploads\/2024\/11\/02-1-1-300x205.jpg\" alt=\"\" class=\"wp-image-2170\" srcset=\"https:\/\/lespilles.fr\/lespillesautrefois\/wp-content\/uploads\/2024\/11\/02-1-1-300x205.jpg 300w, https:\/\/lespilles.fr\/lespillesautrefois\/wp-content\/uploads\/2024\/11\/02-1-1-1024x699.jpg 1024w, https:\/\/lespilles.fr\/lespillesautrefois\/wp-content\/uploads\/2024\/11\/02-1-1-768x524.jpg 768w, https:\/\/lespilles.fr\/lespillesautrefois\/wp-content\/uploads\/2024\/11\/02-1-1-1536x1048.jpg 1536w, https:\/\/lespilles.fr\/lespillesautrefois\/wp-content\/uploads\/2024\/11\/02-1-1-2048x1398.jpg 2048w\" sizes=\"auto, (max-width: 300px) 100vw, 300px\" \/><\/a><\/figure>\n\n\n\n<figure class=\"wp-block-image size-medium\"><a href=\"https:\/\/lespilles.fr\/lespillesautrefois\/wp-content\/uploads\/2024\/11\/01-Vue-vers-lamont-du-pont-scaled.jpg\" target=\"_blank\"><img loading=\"lazy\" decoding=\"async\" width=\"300\" height=\"207\" data-id=\"2169\" src=\"https:\/\/lespilles.fr\/lespillesautrefois\/wp-content\/uploads\/2024\/11\/01-Vue-vers-lamont-du-pont-300x207.jpg\" alt=\"\" class=\"wp-image-2169\" srcset=\"https:\/\/lespilles.fr\/lespillesautrefois\/wp-content\/uploads\/2024\/11\/01-Vue-vers-lamont-du-pont-300x207.jpg 300w, https:\/\/lespilles.fr\/lespillesautrefois\/wp-content\/uploads\/2024\/11\/01-Vue-vers-lamont-du-pont-1024x708.jpg 1024w, https:\/\/lespilles.fr\/lespillesautrefois\/wp-content\/uploads\/2024\/11\/01-Vue-vers-lamont-du-pont-768x531.jpg 768w, https:\/\/lespilles.fr\/lespillesautrefois\/wp-content\/uploads\/2024\/11\/01-Vue-vers-lamont-du-pont-1536x1062.jpg 1536w, https:\/\/lespilles.fr\/lespillesautrefois\/wp-content\/uploads\/2024\/11\/01-Vue-vers-lamont-du-pont-2048x1416.jpg 2048w\" sizes=\"auto, (max-width: 300px) 100vw, 300px\" \/><\/a><\/figure>\n\n\n\n<figure class=\"wp-block-image size-medium\"><a href=\"https:\/\/lespilles.fr\/lespillesautrefois\/wp-content\/uploads\/2024\/11\/09--scaled.jpg\" target=\"_blank\"><img loading=\"lazy\" decoding=\"async\" width=\"300\" height=\"205\" data-id=\"2177\" src=\"https:\/\/lespilles.fr\/lespillesautrefois\/wp-content\/uploads\/2024\/11\/09--300x205.jpg\" alt=\"\" class=\"wp-image-2177\" srcset=\"https:\/\/lespilles.fr\/lespillesautrefois\/wp-content\/uploads\/2024\/11\/09--300x205.jpg 300w, https:\/\/lespilles.fr\/lespillesautrefois\/wp-content\/uploads\/2024\/11\/09--1024x701.jpg 1024w, https:\/\/lespilles.fr\/lespillesautrefois\/wp-content\/uploads\/2024\/11\/09--768x526.jpg 768w, https:\/\/lespilles.fr\/lespillesautrefois\/wp-content\/uploads\/2024\/11\/09--1536x1051.jpg 1536w, https:\/\/lespilles.fr\/lespillesautrefois\/wp-content\/uploads\/2024\/11\/09--2048x1402.jpg 2048w\" sizes=\"auto, (max-width: 300px) 100vw, 300px\" \/><\/a><\/figure>\n\n\n\n<figure class=\"wp-block-image size-medium\"><a href=\"https:\/\/lespilles.fr\/lespillesautrefois\/wp-content\/uploads\/2024\/11\/03-1-1-scaled.jpg\" target=\"_blank\"><img loading=\"lazy\" decoding=\"async\" width=\"300\" height=\"205\" data-id=\"2171\" src=\"https:\/\/lespilles.fr\/lespillesautrefois\/wp-content\/uploads\/2024\/11\/03-1-1-300x205.jpg\" alt=\"\" class=\"wp-image-2171\" srcset=\"https:\/\/lespilles.fr\/lespillesautrefois\/wp-content\/uploads\/2024\/11\/03-1-1-300x205.jpg 300w, https:\/\/lespilles.fr\/lespillesautrefois\/wp-content\/uploads\/2024\/11\/03-1-1-1024x698.jpg 1024w, https:\/\/lespilles.fr\/lespillesautrefois\/wp-content\/uploads\/2024\/11\/03-1-1-768x524.jpg 768w, https:\/\/lespilles.fr\/lespillesautrefois\/wp-content\/uploads\/2024\/11\/03-1-1-1536x1047.jpg 1536w, https:\/\/lespilles.fr\/lespillesautrefois\/wp-content\/uploads\/2024\/11\/03-1-1-2048x1396.jpg 2048w\" sizes=\"auto, (max-width: 300px) 100vw, 300px\" \/><\/a><\/figure>\n\n\n\n<figure class=\"wp-block-image size-medium\"><a href=\"https:\/\/lespilles.fr\/lespillesautrefois\/wp-content\/uploads\/2024\/11\/10-Les-jardins-inondes-scaled.jpg\" target=\"_blank\"><img loading=\"lazy\" decoding=\"async\" width=\"300\" height=\"202\" data-id=\"2178\" src=\"https:\/\/lespilles.fr\/lespillesautrefois\/wp-content\/uploads\/2024\/11\/10-Les-jardins-inondes-300x202.jpg\" alt=\"\" class=\"wp-image-2178\" srcset=\"https:\/\/lespilles.fr\/lespillesautrefois\/wp-content\/uploads\/2024\/11\/10-Les-jardins-inondes-300x202.jpg 300w, https:\/\/lespilles.fr\/lespillesautrefois\/wp-content\/uploads\/2024\/11\/10-Les-jardins-inondes-1024x691.jpg 1024w, https:\/\/lespilles.fr\/lespillesautrefois\/wp-content\/uploads\/2024\/11\/10-Les-jardins-inondes-768x518.jpg 768w, https:\/\/lespilles.fr\/lespillesautrefois\/wp-content\/uploads\/2024\/11\/10-Les-jardins-inondes-1536x1037.jpg 1536w, https:\/\/lespilles.fr\/lespillesautrefois\/wp-content\/uploads\/2024\/11\/10-Les-jardins-inondes-2048x1382.jpg 2048w\" sizes=\"auto, (max-width: 300px) 100vw, 300px\" \/><\/a><\/figure>\n\n\n\n<figure class=\"wp-block-image size-medium\"><a href=\"https:\/\/lespilles.fr\/lespillesautrefois\/wp-content\/uploads\/2024\/11\/04-Vue-vers-laval-du-pont-scaled.jpg\" target=\"_blank\"><img loading=\"lazy\" decoding=\"async\" width=\"205\" height=\"300\" data-id=\"2172\" src=\"https:\/\/lespilles.fr\/lespillesautrefois\/wp-content\/uploads\/2024\/11\/04-Vue-vers-laval-du-pont-205x300.jpg\" alt=\"\" class=\"wp-image-2172\" srcset=\"https:\/\/lespilles.fr\/lespillesautrefois\/wp-content\/uploads\/2024\/11\/04-Vue-vers-laval-du-pont-205x300.jpg 205w, https:\/\/lespilles.fr\/lespillesautrefois\/wp-content\/uploads\/2024\/11\/04-Vue-vers-laval-du-pont-699x1024.jpg 699w, https:\/\/lespilles.fr\/lespillesautrefois\/wp-content\/uploads\/2024\/11\/04-Vue-vers-laval-du-pont-768x1125.jpg 768w, https:\/\/lespilles.fr\/lespillesautrefois\/wp-content\/uploads\/2024\/11\/04-Vue-vers-laval-du-pont-1049x1536.jpg 1049w, https:\/\/lespilles.fr\/lespillesautrefois\/wp-content\/uploads\/2024\/11\/04-Vue-vers-laval-du-pont-1398x2048.jpg 1398w, https:\/\/lespilles.fr\/lespillesautrefois\/wp-content\/uploads\/2024\/11\/04-Vue-vers-laval-du-pont-scaled.jpg 1748w\" sizes=\"auto, (max-width: 205px) 100vw, 205px\" \/><\/a><\/figure>\n\n\n\n<figure class=\"wp-block-image size-medium\"><a href=\"https:\/\/lespilles.fr\/lespillesautrefois\/wp-content\/uploads\/2024\/11\/05--scaled.jpg\" target=\"_blank\"><img loading=\"lazy\" decoding=\"async\" width=\"300\" height=\"206\" data-id=\"2173\" src=\"https:\/\/lespilles.fr\/lespillesautrefois\/wp-content\/uploads\/2024\/11\/05--300x206.jpg\" alt=\"\" class=\"wp-image-2173\" srcset=\"https:\/\/lespilles.fr\/lespillesautrefois\/wp-content\/uploads\/2024\/11\/05--300x206.jpg 300w, https:\/\/lespilles.fr\/lespillesautrefois\/wp-content\/uploads\/2024\/11\/05--1024x701.jpg 1024w, https:\/\/lespilles.fr\/lespillesautrefois\/wp-content\/uploads\/2024\/11\/05--768x526.jpg 768w, https:\/\/lespilles.fr\/lespillesautrefois\/wp-content\/uploads\/2024\/11\/05--1536x1052.jpg 1536w, https:\/\/lespilles.fr\/lespillesautrefois\/wp-content\/uploads\/2024\/11\/05--2048x1403.jpg 2048w\" sizes=\"auto, (max-width: 300px) 100vw, 300px\" \/><\/a><\/figure>\n\n\n\n<figure class=\"wp-block-image size-medium\"><a href=\"https:\/\/lespilles.fr\/lespillesautrefois\/wp-content\/uploads\/2024\/11\/11-Inondation-scaled.jpg\" target=\"_blank\"><img loading=\"lazy\" decoding=\"async\" width=\"300\" height=\"199\" data-id=\"2179\" src=\"https:\/\/lespilles.fr\/lespillesautrefois\/wp-content\/uploads\/2024\/11\/11-Inondation-300x199.jpg\" alt=\"\" class=\"wp-image-2179\" srcset=\"https:\/\/lespilles.fr\/lespillesautrefois\/wp-content\/uploads\/2024\/11\/11-Inondation-300x199.jpg 300w, https:\/\/lespilles.fr\/lespillesautrefois\/wp-content\/uploads\/2024\/11\/11-Inondation-1024x680.jpg 1024w, https:\/\/lespilles.fr\/lespillesautrefois\/wp-content\/uploads\/2024\/11\/11-Inondation-768x510.jpg 768w, https:\/\/lespilles.fr\/lespillesautrefois\/wp-content\/uploads\/2024\/11\/11-Inondation-1536x1020.jpg 1536w, https:\/\/lespilles.fr\/lespillesautrefois\/wp-content\/uploads\/2024\/11\/11-Inondation-2048x1360.jpg 2048w\" sizes=\"auto, (max-width: 300px) 100vw, 300px\" \/><\/a><\/figure>\n<\/figure>\n","protected":false},"excerpt":{"rendered":"<p>La rivi\u00e8re Eygues et son orthographe &nbsp;&nbsp;&nbsp;&nbsp;&nbsp;&nbsp;&nbsp;&nbsp;&nbsp;&nbsp;&nbsp;&nbsp;&nbsp;&nbsp;&nbsp;&nbsp;&nbsp;&nbsp;&nbsp;&nbsp;&nbsp; Nous avons tous remarqu\u00e9 la diff\u00e9rence d&rsquo;orthographe sur le mot \u00abEygues\u00bb, nom de notre rivi\u00e8re. \u00ab&nbsp;Effectivement, le nom de cette rivi\u00e8re vient du gaulois et non du proven\u00e7al. Vous n\u2019ignorez pas que les Gaulois et leur culture sont ant\u00e9rieurs aux Proven\u00e7aux, et donc bon nombre de noms de &hellip; <a href=\"http:\/\/lespilles.fr\/lespillesautrefois\/?page_id=32\" class=\"more-link\">Continuer la lecture de <span class=\"screen-reader-text\">Les crues de l&rsquo;Eygues<\/span> <span class=\"meta-nav\">&rarr;<\/span><\/a><\/p>\n","protected":false},"author":1,"featured_media":0,"parent":0,"menu_order":0,"comment_status":"closed","ping_status":"open","template":"","meta":{"footnotes":""},"class_list":["post-32","page","type-page","status-publish","hentry"],"_links":{"self":[{"href":"http:\/\/lespilles.fr\/lespillesautrefois\/index.php?rest_route=\/wp\/v2\/pages\/32","targetHints":{"allow":["GET"]}}],"collection":[{"href":"http:\/\/lespilles.fr\/lespillesautrefois\/index.php?rest_route=\/wp\/v2\/pages"}],"about":[{"href":"http:\/\/lespilles.fr\/lespillesautrefois\/index.php?rest_route=\/wp\/v2\/types\/page"}],"author":[{"embeddable":true,"href":"http:\/\/lespilles.fr\/lespillesautrefois\/index.php?rest_route=\/wp\/v2\/users\/1"}],"replies":[{"embeddable":true,"href":"http:\/\/lespilles.fr\/lespillesautrefois\/index.php?rest_route=%2Fwp%2Fv2%2Fcomments&post=32"}],"version-history":[{"count":11,"href":"http:\/\/lespilles.fr\/lespillesautrefois\/index.php?rest_route=\/wp\/v2\/pages\/32\/revisions"}],"predecessor-version":[{"id":2198,"href":"http:\/\/lespilles.fr\/lespillesautrefois\/index.php?rest_route=\/wp\/v2\/pages\/32\/revisions\/2198"}],"wp:attachment":[{"href":"http:\/\/lespilles.fr\/lespillesautrefois\/index.php?rest_route=%2Fwp%2Fv2%2Fmedia&parent=32"}],"curies":[{"name":"wp","href":"https:\/\/api.w.org\/{rel}","templated":true}]}}