{"id":22,"date":"2014-02-03T15:38:28","date_gmt":"2014-02-03T14:38:28","guid":{"rendered":"http:\/\/lespilles.fr\/lespillesautrefois\/?page_id=22"},"modified":"2024-12-05T10:00:29","modified_gmt":"2024-12-05T09:00:29","slug":"les-commerces","status":"publish","type":"page","link":"http:\/\/lespilles.fr\/lespillesautrefois\/?page_id=22","title":{"rendered":"Les commerces"},"content":{"rendered":"\n<p class=\"has-medium-font-size\"><strong>Le charron Bommenel<\/strong><\/p>\n\n\n\n<p>La r\u00e9putation des \u00ab\u00a0jardini\u00e8res\u00a0\u00bb du charron Bommenel \u00e9tait connue bien au-del\u00e0 de notre village.<\/p>\n\n\n\n<figure class=\"wp-block-gallery has-nested-images columns-2 is-cropped wp-block-gallery-1 is-layout-flex wp-block-gallery-is-layout-flex\">\n<figure class=\"wp-block-image size-medium\"><a href=\"https:\/\/lespilles.fr\/lespillesautrefois\/wp-content\/uploads\/2024\/11\/Devant-latelier-du-charron-Bommenel.jpg\" target=\"_blank\"><img loading=\"lazy\" decoding=\"async\" width=\"300\" height=\"206\" data-id=\"2201\" src=\"https:\/\/lespilles.fr\/lespillesautrefois\/wp-content\/uploads\/2024\/11\/Devant-latelier-du-charron-Bommenel-300x206.jpg\" alt=\"\" class=\"wp-image-2201\" srcset=\"https:\/\/lespilles.fr\/lespillesautrefois\/wp-content\/uploads\/2024\/11\/Devant-latelier-du-charron-Bommenel-300x206.jpg 300w, https:\/\/lespilles.fr\/lespillesautrefois\/wp-content\/uploads\/2024\/11\/Devant-latelier-du-charron-Bommenel-768x527.jpg 768w, https:\/\/lespilles.fr\/lespillesautrefois\/wp-content\/uploads\/2024\/11\/Devant-latelier-du-charron-Bommenel.jpg 822w\" sizes=\"auto, (max-width: 300px) 100vw, 300px\" \/><\/a><\/figure>\n\n\n\n<figure class=\"wp-block-image size-medium\"><a href=\"https:\/\/lespilles.fr\/lespillesautrefois\/wp-content\/uploads\/2024\/11\/La-famille-du-charron-Bommenel2.jpg\" target=\"_blank\"><img loading=\"lazy\" decoding=\"async\" width=\"300\" height=\"206\" data-id=\"2204\" src=\"https:\/\/lespilles.fr\/lespillesautrefois\/wp-content\/uploads\/2024\/11\/La-famille-du-charron-Bommenel2-300x206.jpg\" alt=\"\" class=\"wp-image-2204\" srcset=\"https:\/\/lespilles.fr\/lespillesautrefois\/wp-content\/uploads\/2024\/11\/La-famille-du-charron-Bommenel2-300x206.jpg 300w, https:\/\/lespilles.fr\/lespillesautrefois\/wp-content\/uploads\/2024\/11\/La-famille-du-charron-Bommenel2-768x527.jpg 768w, https:\/\/lespilles.fr\/lespillesautrefois\/wp-content\/uploads\/2024\/11\/La-famille-du-charron-Bommenel2.jpg 984w\" sizes=\"auto, (max-width: 300px) 100vw, 300px\" \/><\/a><\/figure>\n\n\n\n<figure class=\"wp-block-image size-medium\"><a href=\"https:\/\/lespilles.fr\/lespillesautrefois\/wp-content\/uploads\/2024\/11\/Fabrication-des-roues-de-charette-chez-Bommenel.jpg\" target=\"_blank\"><img loading=\"lazy\" decoding=\"async\" width=\"300\" height=\"194\" data-id=\"2202\" src=\"https:\/\/lespilles.fr\/lespillesautrefois\/wp-content\/uploads\/2024\/11\/Fabrication-des-roues-de-charette-chez-Bommenel-300x194.jpg\" alt=\"\" class=\"wp-image-2202\" srcset=\"https:\/\/lespilles.fr\/lespillesautrefois\/wp-content\/uploads\/2024\/11\/Fabrication-des-roues-de-charette-chez-Bommenel-300x194.jpg 300w, https:\/\/lespilles.fr\/lespillesautrefois\/wp-content\/uploads\/2024\/11\/Fabrication-des-roues-de-charette-chez-Bommenel-1024x664.jpg 1024w, https:\/\/lespilles.fr\/lespillesautrefois\/wp-content\/uploads\/2024\/11\/Fabrication-des-roues-de-charette-chez-Bommenel-768x498.jpg 768w, https:\/\/lespilles.fr\/lespillesautrefois\/wp-content\/uploads\/2024\/11\/Fabrication-des-roues-de-charette-chez-Bommenel-1536x996.jpg 1536w, https:\/\/lespilles.fr\/lespillesautrefois\/wp-content\/uploads\/2024\/11\/Fabrication-des-roues-de-charette-chez-Bommenel.jpg 1833w\" sizes=\"auto, (max-width: 300px) 100vw, 300px\" \/><\/a><\/figure>\n<\/figure>\n\n\n\n<p class=\"has-medium-font-size\"><strong>La tourn\u00e9e du&nbsp; boulanger des Pilles dans les ann\u00e9es 1952-54<\/strong><\/p>\n\n\n\n<p><em>Propos recueillis par Maryl\u00e8ne Delmarre aupr\u00e8s de son p\u00e8re&nbsp; Adrien DELMARRE<\/em><\/p>\n\n\n\n<figure class=\"wp-block-gallery has-nested-images columns-default is-cropped wp-block-gallery-2 is-layout-flex wp-block-gallery-is-layout-flex\">\n<figure class=\"wp-block-image size-medium\"><a href=\"https:\/\/lespilles.fr\/lespillesautrefois\/wp-content\/uploads\/2024\/11\/MD-img068LP-scaled.jpg\"><img loading=\"lazy\" decoding=\"async\" width=\"300\" height=\"200\" data-id=\"2205\" src=\"https:\/\/lespilles.fr\/lespillesautrefois\/wp-content\/uploads\/2024\/11\/MD-img068LP-300x200.jpg\" alt=\"\" class=\"wp-image-2205\" srcset=\"https:\/\/lespilles.fr\/lespillesautrefois\/wp-content\/uploads\/2024\/11\/MD-img068LP-300x200.jpg 300w, https:\/\/lespilles.fr\/lespillesautrefois\/wp-content\/uploads\/2024\/11\/MD-img068LP-1024x682.jpg 1024w, https:\/\/lespilles.fr\/lespillesautrefois\/wp-content\/uploads\/2024\/11\/MD-img068LP-768x511.jpg 768w, https:\/\/lespilles.fr\/lespillesautrefois\/wp-content\/uploads\/2024\/11\/MD-img068LP-1536x1022.jpg 1536w, https:\/\/lespilles.fr\/lespillesautrefois\/wp-content\/uploads\/2024\/11\/MD-img068LP-2048x1363.jpg 2048w\" sizes=\"auto, (max-width: 300px) 100vw, 300px\" \/><\/a><\/figure>\n\n\n\n<figure class=\"wp-block-image size-medium\"><a href=\"https:\/\/lespilles.fr\/lespillesautrefois\/wp-content\/uploads\/2024\/11\/07-tournee-de-la-boulangere-en-Chenard-et-Walker.jpg\"><img loading=\"lazy\" decoding=\"async\" width=\"300\" height=\"197\" data-id=\"2206\" src=\"https:\/\/lespilles.fr\/lespillesautrefois\/wp-content\/uploads\/2024\/11\/07-tournee-de-la-boulangere-en-Chenard-et-Walker-300x197.jpg\" alt=\"\" class=\"wp-image-2206\" srcset=\"https:\/\/lespilles.fr\/lespillesautrefois\/wp-content\/uploads\/2024\/11\/07-tournee-de-la-boulangere-en-Chenard-et-Walker-300x197.jpg 300w, https:\/\/lespilles.fr\/lespillesautrefois\/wp-content\/uploads\/2024\/11\/07-tournee-de-la-boulangere-en-Chenard-et-Walker-1024x674.jpg 1024w, https:\/\/lespilles.fr\/lespillesautrefois\/wp-content\/uploads\/2024\/11\/07-tournee-de-la-boulangere-en-Chenard-et-Walker-768x506.jpg 768w, https:\/\/lespilles.fr\/lespillesautrefois\/wp-content\/uploads\/2024\/11\/07-tournee-de-la-boulangere-en-Chenard-et-Walker-1536x1011.jpg 1536w, https:\/\/lespilles.fr\/lespillesautrefois\/wp-content\/uploads\/2024\/11\/07-tournee-de-la-boulangere-en-Chenard-et-Walker-2048x1348.jpg 2048w\" sizes=\"auto, (max-width: 300px) 100vw, 300px\" \/><\/a><\/figure>\n<\/figure>\n\n\n\n<p>Mr Paul Revol et son \u00e9pouse Mme Ren\u00e9e Revol n\u00e9e Lalet avaient achet\u00e9 la boulangerie des Pilles anciennement B\u00e9nessia, juste \u00e0 c\u00f4t\u00e9 de l\u2019\u00e9glise.<\/p>\n\n\n\n<p>C\u2019\u00e9tait une petite boulangerie de campagne avec un four chauff\u00e9 aux fagots de bois sur des dalles de pierre. Toute une technique de cuisson \u00e0 l\u2019ancienne comme on dit maintenant&nbsp;!<\/p>\n\n\n\n<p>&nbsp;Ma tante Ren\u00e9e tenait le magasin (grand comme un mouchoir de poche&nbsp;!). Plusieurs fois par semaine, mon oncle ou ma tante partait faire la tourn\u00e9e dans les villages environnants&nbsp;au volant de la Chenart et Walcker des ann\u00e9es 20&nbsp;!<\/p>\n\n\n\n<p>A&nbsp; Ch\u00e2teauneuf-de-Bordette, une fois par semaine&nbsp;: il quittait Les Pilles par la route du cimeti\u00e8re, route non goudronn\u00e9e encore&nbsp;; \u00e0 mi-chemin, il s\u2019arr\u00eatait au bord de la route \u00e0 l\u2019embranchement du chemin d\u2019une ferme isol\u00e9e de l\u2019autre c\u00f4t\u00e9 de la Bordette, et d\u00e9posait le pain dans un panier pr\u00e9vu \u00e0 cet effet sous un arbre. Un peu plus loin, au bord de la route, nouvel arr\u00eat pour ravitailler une ferme avec un r\u00e9servoir d\u2019eau. Au village, arr\u00eat devant l\u2019\u00e9cole, chez Gleize.<\/p>\n\n\n\n<p>Au col il allait chez Barbero et leurs voisins. Parfois il laissait la voiture et allait \u00e0 pied pour livrer le pain dans une ferme isol\u00e9e habit\u00e9e par un vieil homme.<\/p>\n\n\n\n<p>A&nbsp; Curnier&nbsp;et Montaulieu, une fois par semaine&nbsp;: La Chenart et Wacker empruntait la RN 84. Parfois il s\u2019arr\u00eatait \u00e0 la minoterie Teste pour livrer du grain \u00e0 moudre&nbsp;: Mr Gleize p\u00e8re le payait en grains de bl\u00e9&nbsp;!<\/p>\n\n\n\n<p>Dans Curnier, il s\u2019arr\u00eatait plusieurs fois dont un endroit o\u00f9 une dame d\u2019un certain \u00e2ge s\u2019occupait de quelques fonctions postales.<\/p>\n\n\n\n<p>Il quittait le village pour Montaulieu. Halte \u00e0 la ferme Est\u00e8ve, puis d\u00e9p\u00f4t de pain dans une cache pour la ferme Martin. Encore un arr\u00eat dans une ferme isol\u00e9e avant de monter au village o\u00f9 il s\u2019installait pr\u00e8s du lavoir&nbsp;: klaxon et les gens venaient. Parmi eux, une jeune institutrice.<\/p>\n\n\n\n<p>A&nbsp; Aubres, deux fois par semaine&nbsp;: Le 1<sup>er<\/sup> arr\u00eat se faisait pr\u00e8s de l\u2019ancienne \u00e9cole. Puis il prenait le chemin qui descendait \u00e0 la rivi\u00e8re jusqu\u2019au c\u00e2ble. De l\u2019autre c\u00f4t\u00e9 de l\u2019Eygues, il y avait une ferme. Mon oncle arrimait le sac de pain \u00e0 un crochet du c\u00e2ble et les fermiers r\u00e9cup\u00e9raient le sac de l\u2019autre c\u00f4t\u00e9.<\/p>\n\n\n\n<p>Arr\u00eat vers la sortie du village qui \u00e9tait plus pr\u00e8s qu\u2019actuellement, 200m avant la route du vieux village, chez une dame qui lui payait toujours \u00e0 boire.<\/p>\n\n\n\n<p>Puis demi tour et il prenait la route \u00e0 gauche de la petite place pour suivre la vall\u00e9e jusque chez Boffeli avec une halte chez Faure.<\/p>\n\n\n\n<p>Chez Boffeli, le chien de garde \u00e9tait un sanglier&nbsp;apprivois\u00e9 ! Mme Boffeli payait toujours un pot. Para\u00eet-il que l\u2019on aurait trouv\u00e9 un lac souterrain juste avant d\u2019arriver \u00e0 la ferme Boffeli.<\/p>\n\n\n\n<p>Certaines fois il portait le pain \u00e0 Nyons chez Nicolas, Teste et 2 autres personnes. Il achetait sa levure \u00e0 la boulangerie derri\u00e8re l\u2019\u00e9glise, rue des D\u00e9port\u00e9s, actuellement \u2026\u2026&nbsp;?<\/p>\n\n\n\n<p class=\"has-medium-font-size\"><strong>&nbsp;Autres commerces<\/strong><\/p>\n\n\n\n<figure class=\"wp-block-gallery has-nested-images columns-2 is-cropped wp-block-gallery-3 is-layout-flex wp-block-gallery-is-layout-flex\">\n<figure class=\"wp-block-image size-medium\"><a href=\"https:\/\/lespilles.fr\/lespillesautrefois\/wp-content\/uploads\/2024\/11\/MD-img069Helene-Guibert-scaled.jpg\" target=\"_blank\"><img loading=\"lazy\" decoding=\"async\" width=\"300\" height=\"200\" data-id=\"2209\" src=\"https:\/\/lespilles.fr\/lespillesautrefois\/wp-content\/uploads\/2024\/11\/MD-img069Helene-Guibert-300x200.jpg\" alt=\"\" class=\"wp-image-2209\" srcset=\"https:\/\/lespilles.fr\/lespillesautrefois\/wp-content\/uploads\/2024\/11\/MD-img069Helene-Guibert-300x200.jpg 300w, https:\/\/lespilles.fr\/lespillesautrefois\/wp-content\/uploads\/2024\/11\/MD-img069Helene-Guibert-1024x682.jpg 1024w, https:\/\/lespilles.fr\/lespillesautrefois\/wp-content\/uploads\/2024\/11\/MD-img069Helene-Guibert-768x511.jpg 768w, https:\/\/lespilles.fr\/lespillesautrefois\/wp-content\/uploads\/2024\/11\/MD-img069Helene-Guibert-1536x1022.jpg 1536w, https:\/\/lespilles.fr\/lespillesautrefois\/wp-content\/uploads\/2024\/11\/MD-img069Helene-Guibert-2048x1363.jpg 2048w\" sizes=\"auto, (max-width: 300px) 100vw, 300px\" \/><\/a><figcaption class=\"wp-element-caption\">H\u00e9l\u00e8ne GUIBERT devant la boucherie<\/figcaption><\/figure>\n\n\n\n<figure class=\"wp-block-image size-medium\"><a href=\"https:\/\/lespilles.fr\/lespillesautrefois\/wp-content\/uploads\/2024\/11\/06-le-Garage.jpg\" target=\"_blank\"><img loading=\"lazy\" decoding=\"async\" width=\"300\" height=\"212\" data-id=\"2208\" src=\"https:\/\/lespilles.fr\/lespillesautrefois\/wp-content\/uploads\/2024\/11\/06-le-Garage-300x212.jpg\" alt=\"\" class=\"wp-image-2208\" srcset=\"https:\/\/lespilles.fr\/lespillesautrefois\/wp-content\/uploads\/2024\/11\/06-le-Garage-300x212.jpg 300w, https:\/\/lespilles.fr\/lespillesautrefois\/wp-content\/uploads\/2024\/11\/06-le-Garage-1024x724.jpg 1024w, https:\/\/lespilles.fr\/lespillesautrefois\/wp-content\/uploads\/2024\/11\/06-le-Garage-768x543.jpg 768w, https:\/\/lespilles.fr\/lespillesautrefois\/wp-content\/uploads\/2024\/11\/06-le-Garage.jpg 1329w\" sizes=\"auto, (max-width: 300px) 100vw, 300px\" \/><\/a><figcaption class=\"wp-element-caption\">Le garage<\/figcaption><\/figure>\n\n\n\n<figure class=\"wp-block-image size-medium\"><a href=\"https:\/\/lespilles.fr\/lespillesautrefois\/wp-content\/uploads\/2024\/11\/Gondouin.jpg\" target=\"_blank\"><img loading=\"lazy\" decoding=\"async\" width=\"300\" height=\"211\" data-id=\"2226\" src=\"https:\/\/lespilles.fr\/lespillesautrefois\/wp-content\/uploads\/2024\/11\/Gondouin-300x211.jpg\" alt=\"\" class=\"wp-image-2226\" srcset=\"https:\/\/lespilles.fr\/lespillesautrefois\/wp-content\/uploads\/2024\/11\/Gondouin-300x211.jpg 300w, https:\/\/lespilles.fr\/lespillesautrefois\/wp-content\/uploads\/2024\/11\/Gondouin-1024x720.jpg 1024w, https:\/\/lespilles.fr\/lespillesautrefois\/wp-content\/uploads\/2024\/11\/Gondouin-768x540.jpg 768w, https:\/\/lespilles.fr\/lespillesautrefois\/wp-content\/uploads\/2024\/11\/Gondouin.jpg 1069w\" sizes=\"auto, (max-width: 300px) 100vw, 300px\" \/><\/a><figcaption class=\"wp-element-caption\">La tourn\u00e9e de Gondouin<\/figcaption><\/figure>\n\n\n\n<figure class=\"wp-block-image size-medium\"><a href=\"https:\/\/lespilles.fr\/lespillesautrefois\/wp-content\/uploads\/2024\/11\/20240926_164210-scaled.jpg\" target=\"_blank\"><img loading=\"lazy\" decoding=\"async\" width=\"300\" height=\"169\" data-id=\"2225\" src=\"https:\/\/lespilles.fr\/lespillesautrefois\/wp-content\/uploads\/2024\/11\/20240926_164210-300x169.jpg\" alt=\"\" class=\"wp-image-2225\" srcset=\"https:\/\/lespilles.fr\/lespillesautrefois\/wp-content\/uploads\/2024\/11\/20240926_164210-300x169.jpg 300w, https:\/\/lespilles.fr\/lespillesautrefois\/wp-content\/uploads\/2024\/11\/20240926_164210-1024x576.jpg 1024w, https:\/\/lespilles.fr\/lespillesautrefois\/wp-content\/uploads\/2024\/11\/20240926_164210-768x432.jpg 768w, https:\/\/lespilles.fr\/lespillesautrefois\/wp-content\/uploads\/2024\/11\/20240926_164210-1536x864.jpg 1536w, https:\/\/lespilles.fr\/lespillesautrefois\/wp-content\/uploads\/2024\/11\/20240926_164210-2048x1152.jpg 2048w\" sizes=\"auto, (max-width: 300px) 100vw, 300px\" \/><\/a><figcaption class=\"wp-element-caption\">Gondouin Jeannot et Fleury<\/figcaption><\/figure>\n<\/figure>\n","protected":false},"excerpt":{"rendered":"<p>Le charron Bommenel La r\u00e9putation des \u00ab\u00a0jardini\u00e8res\u00a0\u00bb du charron Bommenel \u00e9tait connue bien au-del\u00e0 de notre village. La tourn\u00e9e du&nbsp; boulanger des Pilles dans les ann\u00e9es 1952-54 Propos recueillis par Maryl\u00e8ne Delmarre aupr\u00e8s de son p\u00e8re&nbsp; Adrien DELMARRE Mr Paul Revol et son \u00e9pouse Mme Ren\u00e9e Revol n\u00e9e Lalet avaient achet\u00e9 la boulangerie des Pilles &hellip; <a href=\"http:\/\/lespilles.fr\/lespillesautrefois\/?page_id=22\" class=\"more-link\">Continuer la lecture de <span class=\"screen-reader-text\">Les commerces<\/span> <span class=\"meta-nav\">&rarr;<\/span><\/a><\/p>\n","protected":false},"author":1,"featured_media":0,"parent":0,"menu_order":0,"comment_status":"closed","ping_status":"open","template":"","meta":{"footnotes":""},"class_list":["post-22","page","type-page","status-publish","hentry"],"_links":{"self":[{"href":"http:\/\/lespilles.fr\/lespillesautrefois\/index.php?rest_route=\/wp\/v2\/pages\/22","targetHints":{"allow":["GET"]}}],"collection":[{"href":"http:\/\/lespilles.fr\/lespillesautrefois\/index.php?rest_route=\/wp\/v2\/pages"}],"about":[{"href":"http:\/\/lespilles.fr\/lespillesautrefois\/index.php?rest_route=\/wp\/v2\/types\/page"}],"author":[{"embeddable":true,"href":"http:\/\/lespilles.fr\/lespillesautrefois\/index.php?rest_route=\/wp\/v2\/users\/1"}],"replies":[{"embeddable":true,"href":"http:\/\/lespilles.fr\/lespillesautrefois\/index.php?rest_route=%2Fwp%2Fv2%2Fcomments&post=22"}],"version-history":[{"count":29,"href":"http:\/\/lespilles.fr\/lespillesautrefois\/index.php?rest_route=\/wp\/v2\/pages\/22\/revisions"}],"predecessor-version":[{"id":2320,"href":"http:\/\/lespilles.fr\/lespillesautrefois\/index.php?rest_route=\/wp\/v2\/pages\/22\/revisions\/2320"}],"wp:attachment":[{"href":"http:\/\/lespilles.fr\/lespillesautrefois\/index.php?rest_route=%2Fwp%2Fv2%2Fmedia&parent=22"}],"curies":[{"name":"wp","href":"https:\/\/api.w.org\/{rel}","templated":true}]}}